of 40 and s?
8
Let h = -4701 + 5149. Let k(y) = y**3 - 2*y**2 - 6*y + 11. Let l be k(5). Calculate the highest common divisor of h and l.
56
Let a = -88 - -117. Suppose a*g + 600 = 39*g. Calculate the greatest common divisor of 4 and g.
4
Suppose -3420 = -969*s - 964*s + 1927*s. Calculate the greatest common divisor of 3705 and s.
285
Let n be (-64 + 343)*(0 + 2/6). Calculate the greatest common factor of n and 713.
31
Suppose 26*d - 2760 = 25*d + j, -3*j + 8316 = 3*d. What is the greatest common factor of d and 2?
2
Let z(k) = k + 14. Let b be z(0). Suppose 4*f - 2*f - 7 = -5*j, j - 15 = 3*f. Let h be 20/(15/j)*35/4. What is the highest common factor of b and h?
7
Let w be (-4)/(((-15)/(-20))/(9/(-6))). Suppose -2*z + 62 = -f, w*f + 158 = 5*z + 4*f. What is the highest common divisor of 50 and z?
10
Let t be 2 + 23 + 1 + 1. Let x be (6/(-18))/((-2)/306) - -12. What is the highest common factor of x and t?
9
Let s = 5999 + -5895. What is the greatest common factor of s and 182?
26
Suppose -4*t - 5*y + 538 = 0, 4*t + y - 532 = -y. Suppose -5*r - t = -8*r. What is the greatest common divisor of 154 and r?
22
Let m = -22 - -124. Let q(b) = -66*b + 189. Let y be q(3). Let p be -1 + (y - (-10 - 6)). Calculate the greatest common factor of p and m.
6
Suppose -5*r + 11051 = -4*m, -4*r - 122*m + 119*m = -8847. Calculate the highest common divisor of 99 and r.
33
Let a be -4 + -137 - -3*(-3)/(-3). Let u be a/(-30) + 1*(-4)/(-10). Calculate the greatest common divisor of 35 and u.
5
Let b(l) = -16*l**3 + 15*l**2 - 138*l - 689. Let n be b(-5). Calculate the highest common divisor of 18 and n.
18
Let v be (-144)/112 + ((-32)/(-14) - 2). Let x be (-34)/v - (-2 + 3). Suppose x + 11 = 11*w. Calculate the greatest common factor of w and 1.
1
Let q = 3445 - 3389. Calculate the highest common divisor of q and 5656.
56
Let a(l) = 5*l + 14*l - 4 - 17*l. Let h be a(2). Suppose -f + 108 = -h*f - 3*g, -f = 4*g - 94. What is the greatest common factor of 255 and f?
51
Suppose 365 = -t + 6*t. Suppose 0 = -5*f - 4*p + 722, -105*p = -f - 103*p + 150. What is the greatest common factor of f and t?
73
Suppose -15*w = -18*w + a + 150, 2*a + 12 = 0. Suppose 5*n - 583 = -43. What is the greatest common factor of w and n?
12
Let t(k) = -5*k**2 + 7*k - 71. Let z be t(-13). Let w = z - -1077. Let s(p) = 6*p - 2. Let c be s(5). Calculate the greatest common factor of w and c.
14
Suppose 293 = -8*k + 4373. What is the greatest common divisor of k and 80?
10
Let p(j) = -11*j + 74. Let l be p(5). Suppose 6*q - l*q = -1989. What is the highest common factor of 9 and q?
9
Let w = -639 - -649. Suppose -40*d = -31*d - 225. What is the greatest common divisor of d and w?
5
Let z(u) = 1599*u + 819. Let g be z(7). Calculate the highest common factor of g and 28.
28
Let c(s) = -s**3 + 8*s**2 - 10*s + 2. Let n be c(8). Let k = n + 117. Calculate the greatest common divisor of 13 and k.
13
Let j = 6020 - 4080. What is the highest common factor of 140 and j?
20
Let v = 1 - -21. Suppose -v = -3*w - 2*w - t, w + 5*t - 14 = 0. Let m = 21 + -9. What is the highest common divisor of m and w?
4
Let c(u) = 2*u**2 - 190*u + 4572. Let x be c(48). Calculate the highest common divisor of x and 13785.
15
Suppose -354*z - 4*g + 248 = -353*z, -5*z + 1190 = -5*g. What is the greatest common factor of z and 10480?
80
Let o be (1/1)/(((-103)/113918)/(6/(-21))). What is the highest common divisor of o and 1027?
79
Suppose 115*k - 1105 = -5*a + 120*k, -5*a + 1174 = 18*k. What is the highest common divisor of a and 128?
32
Let a(j) = 2*j + 6. Let m be 7/14*1*22. Let h = 28 - m. Let b be a(h). Calculate the highest common divisor of b and 16.
8
Let n = 17 + 413. Suppose 418*j - 413*j = n. What is the highest common factor of 43 and j?
43
Let i be 3060/220 - (58/88 + (-6)/8). What is the greatest common factor of 28 and i?
14
Let x be (-50)/30*594/(-15). Suppose 0 = -33*h + x + 66. What is the greatest common divisor of h and 27?
1
Suppose 15*f - 96 = 9*f. Suppose -3*p + 2*p - 124 = -5*b, -4*b + 108 = -3*p. Calculate the greatest common divisor of b and f.
8
Let q(v) = -226*v - 1. Let m be 156/27 + -6 - (-28)/(-36). Let w be q(m). Calculate the greatest common divisor of 30 and w.
15
Suppose -4*f - 2*f = -18. Suppose 0 = f*d - 3*w - 20 + 200, 60 = -d + 3*w. Let o = d + 247. Calculate the highest common factor of 17 and o.
17
Suppose -43483 = -24*f + 16*f - 51*f. Calculate the highest common factor of f and 11.
11
Let f = -3282 + 7940. What is the greatest common divisor of f and 306?
34
Let n = 19226 - 19079. What is the greatest common factor of 231 and n?
21
Let g be 3/((-2)/(-194)*-1). Let y = 305 + g. Suppose 5*j + 42 = 6*j. What is the highest common divisor of j and y?
14
Suppose -4*r = -13*n + 10*n - 25, -20 = 3*n - 5*r. Let d be 585 - (-36)/54*n/2. Calculate the greatest common divisor of d and 20.
20
Let b(w) = -19 + 30 - 17 + w + 2*w**2. Suppose -d = 4*z + 7 + 5, 3*d + 5*z = -22. Let c be b(d). What is the highest common divisor of 33 and c?
11
Suppose 0 = 64*z - 55*z + 603. Let b = z - -102. Calculate the greatest common divisor of 140 and b.
35
Suppose -4*h + 376 = 4*n, 12 = 5*n - 18. What is the highest common factor of 2530 and h?
22
Suppose 5*v + 10 = -0*m + 5*m, 0 = -4*v. Suppose 3*l = s - 84 + 43, -m*s + 93 = 5*l. What is the greatest common divisor of 6 and s?
2
Let l(y) = -y**2 - 11*y + 11. Let b be l(-5). Let q = b - 19. What is the highest common factor of q and 55?
11
Let l be 9 + 549 - -2 - (3 + (0 - -1)). Calculate the highest common divisor of 1251 and l.
139
Suppose 16*r + 9335 = 10226 + 20389. Calculate the greatest common divisor of 280 and r.
70
Let s(f) = -f**2 + 4*f + 10. Let i be s(5). Suppose -c = -2, i*c - 9*c = -3*m + 124. What is the greatest common factor of m and 121?
11
Suppose 98*i = -218*i + 166848. Calculate the highest common factor of 9636 and i.
132
Let m(z) = 6*z**2 + 243*z - 636. Let p be m(-43). What is the highest common factor of p and 9360?
9
Let j = -120 + 121. Let r be j/(-1) + (71 - -18). Calculate the highest common factor of r and 24.
8
Suppose 558*m = 578*m - 5840. What is the greatest common factor of 657 and m?
73
Suppose 5*y = -20, w - y + 5 = -3*y. Suppose 2*n - 3*n + 185 = -w*f, 5*n = -20. Let c = f - -129. Calculate the greatest common divisor of 22 and c.
22
Let z(m) = -m**3 + 29*m**2 - 28*m + 154. Let q be z(28). Calculate the highest common factor of q and 209.
11
Let d = 52 - 27. Let g be -10 - (-45 - (13 - (-18 - -41))). What is the highest common divisor of d and g?
25
Suppose -2330*h = -2334*h + 20, -30 = -u + 2*h. Suppose 61 - 7 = 2*s. Let d be -1 + s/6*2. What is the highest common factor of u and d?
8
Suppose 4*g = -2*s + 36, -5*g = -4*s + 2*s - 36. Suppose -10 - 47 = -3*o - 5*c, 0 = o - 5*c - 39. Calculate the greatest common divisor of o and g.
8
Let c = -5731 + 5771. What is the greatest common divisor of 1780 and c?
20
Let r be (5 - (-656)/(-123))*2/(-2)*123. What is the greatest common factor of r and 11521?
41
Let j be (-6)/11 + ((-198506)/(-121) - 8). Calculate the highest common factor of j and 153.
51
Let i(l) = l**3 + 27*l**2 - 31*l - 80. Let g be i(-28). Suppose -v + 5*a + 16 = 0, -6*a + 10*a = -2*v + g. Calculate the greatest common divisor of 87 and v.
3
Suppose 5*m - 780 = -3*k, 2*k - 5*m - 1549 + 1079 = 0. Calculate the highest common factor of k and 18.
2
Let f be (-150)/6 + 4/2. Let q = f + 58. Suppose -4*h = c - 975, -226 = 4*h + 3*c - 1191. Calculate the greatest common factor of h and q.
35
Let d(w) = 89*w**3 - 2*w**2 - 2*w. Let c be d(-1). Let s = 53 + c. Let h = s - -50. Calculate the highest common divisor of h and 7.
7
Let i = -70 + 75. Suppose -i*k = -11*k + 864. Suppose 2 = z - 5*c + 13, 2*z = 3*c + 6. Calculate the greatest common divisor of k and z.
9
Suppose s - 3*m = 19, 2*s = 4*s - 3*m - 41. Let t be (-64 - -1)*s/33 + 0. Let q = 13 - t. What is the highest common divisor of q and 22?
11
Let g(v) = 131*v + 225. Let q be g(14). Calculate the greatest common divisor of 29 and q.
29
Suppose 528*k + 1134 = -522*k + 1059*k. What is the highest common divisor of k and 522?
18
Let h = -47 - -83. Suppose -m + 3*u = -145, -m = -5*m + 2*u + 550. Suppose 4*s - 80 - m = 0. Calculate the highest common divisor of h and s